{"id":127,"date":"2018-10-17T17:28:26","date_gmt":"2018-10-17T15:28:26","guid":{"rendered":"http:\/\/duventdanslesmots.org\/?page_id=127"},"modified":"2025-10-06T12:07:19","modified_gmt":"2025-10-06T10:07:19","slug":"lequipe","status":"publish","type":"page","link":"https:\/\/duventdanslesmots.org\/index.php\/lequipe\/","title":{"rendered":"L&rsquo;\u00e9quipe"},"content":{"rendered":"\n<h5 class=\"wp-block-heading\">L&rsquo;association Du vent dans les mots est heureusement administr\u00e9e par :<\/h5>\n\n\n\n<p>Marie-No\u00eblle Fraudin, co-pr\u00e9sidente<br>Magalie Pituch, co-pr\u00e9sidente<br>Matthieu Anquez, tr\u00e9sorier<br>Ann\u00e9lie Rousseau, secr\u00e9taire<br>No\u00e9mie Abasq, Marl\u00e8ne Callaert et St\u00e9phanie Dudek <\/p>\n\n\n\n<h5 class=\"wp-block-heading\">avec l&rsquo;enthousiasme de :<\/h5>\n\n\n\n<p><strong>Margot Hureau-Haitjema, charg\u00e9e d&rsquo;administration et coordinatrice de projets<\/strong> &#8211; D&rsquo;un projet \u00e0 l&rsquo;autre, depuis les mus\u00e9es, hors les murs, elle garde une curiosit\u00e9 insatiable et une organisation carr\u00e9-ment enthousiasmante.<\/p>\n\n\n\n<p><strong>Claire Gouelleu, intervenante et coordinatrice de projets &#8211;<\/strong> Autrice et raconteuse d&rsquo;images, elle se forme \u00e0 la litt\u00e9rature jeunesse et \u00e0 la lecture \u00e0 voix haute. La voil\u00e0 aujourd&rsquo;hui avec le c\u0153ur\u00a0qui bat un peu plus fort et le rose aux pommettes, \u00e0 r\u00e9aliser ses propres projets et \u00e0 rencontrer\u00a0les paires d\u2019yeux et d\u2019oreilles qui ont envie d\u2019\u00e9couter ou d&rsquo;inventer des histoires.<\/p>\n\n\n\n<p><strong>Mathilde Beltramo, intervenante<\/strong> &#8211; Enchant\u00e9e et lyrique, elle a rencontr\u00e9 l&rsquo;\u00e9quipe au cours d&rsquo;un travail partag\u00e9 autour du langage et de la voix des b\u00e9b\u00e9s. Une histoire dans les histoires.<\/p>\n\n\n\n<p><strong>Myriam Plainemaison, intervenante<\/strong> &#8211; Si elle raconte les histoires avec sa voix, elle les cr\u00e9\u00e9e aussi avec ses mains. \u00c0 lire, \u00e0 toucher et pourquoi pas \u00e0 manger, le papier, la feuille et tout ce qui est dessus n&rsquo;ont aucun secret pour elle.<\/p>\n\n\n\n<p><\/p>\n\n\n\n<figure class=\"wp-block-gallery has-nested-images columns-default is-cropped wp-block-gallery-1 is-layout-flex\">\n<figure class=\"wp-block-image size-large\"><img decoding=\"async\" loading=\"lazy\" width=\"768\" height=\"1024\" data-id=\"2814\"  src=\"https:\/\/duventdanslesmots.org\/wp-content\/uploads\/2025\/10\/IMG_0616-768x1024.jpg\" alt=\"\" class=\"wp-image-2814\" srcset=\"https:\/\/duventdanslesmots.org\/wp-content\/uploads\/2025\/10\/IMG_0616-768x1024.jpg 768w, https:\/\/duventdanslesmots.org\/wp-content\/uploads\/2025\/10\/IMG_0616-225x300.jpg 225w, https:\/\/duventdanslesmots.org\/wp-content\/uploads\/2025\/10\/IMG_0616-1152x1536.jpg 1152w, https:\/\/duventdanslesmots.org\/wp-content\/uploads\/2025\/10\/IMG_0616-1536x2048.jpg 1536w, https:\/\/duventdanslesmots.org\/wp-content\/uploads\/2025\/10\/IMG_0616-1200x1600.jpg 1200w, https:\/\/duventdanslesmots.org\/wp-content\/uploads\/2025\/10\/IMG_0616-1320x1760.jpg 1320w, https:\/\/duventdanslesmots.org\/wp-content\/uploads\/2025\/10\/IMG_0616-scaled.jpg 1920w\" sizes=\"(max-width: 768px) 85vw, 768px\" \/><\/figure>\n\n\n\n<figure class=\"wp-block-image size-large\"><img decoding=\"async\" loading=\"lazy\" width=\"768\" height=\"1024\" data-id=\"2812\"  src=\"https:\/\/duventdanslesmots.org\/wp-content\/uploads\/2025\/10\/IMG_0617-768x1024.jpg\" alt=\"\" class=\"wp-image-2812\" srcset=\"https:\/\/duventdanslesmots.org\/wp-content\/uploads\/2025\/10\/IMG_0617-768x1024.jpg 768w, https:\/\/duventdanslesmots.org\/wp-content\/uploads\/2025\/10\/IMG_0617-225x300.jpg 225w, https:\/\/duventdanslesmots.org\/wp-content\/uploads\/2025\/10\/IMG_0617-1152x1536.jpg 1152w, https:\/\/duventdanslesmots.org\/wp-content\/uploads\/2025\/10\/IMG_0617-1536x2048.jpg 1536w, https:\/\/duventdanslesmots.org\/wp-content\/uploads\/2025\/10\/IMG_0617-1200x1600.jpg 1200w, https:\/\/duventdanslesmots.org\/wp-content\/uploads\/2025\/10\/IMG_0617-1320x1760.jpg 1320w, https:\/\/duventdanslesmots.org\/wp-content\/uploads\/2025\/10\/IMG_0617-scaled.jpg 1920w\" sizes=\"(max-width: 768px) 85vw, 768px\" \/><\/figure>\n\n\n\n<figure class=\"wp-block-image size-large\"><img decoding=\"async\" loading=\"lazy\" width=\"768\" height=\"1024\" data-id=\"2813\"  src=\"https:\/\/duventdanslesmots.org\/wp-content\/uploads\/2025\/10\/IMG_0614-768x1024.jpg\" alt=\"\" class=\"wp-image-2813\" srcset=\"https:\/\/duventdanslesmots.org\/wp-content\/uploads\/2025\/10\/IMG_0614-768x1024.jpg 768w, https:\/\/duventdanslesmots.org\/wp-content\/uploads\/2025\/10\/IMG_0614-225x300.jpg 225w, https:\/\/duventdanslesmots.org\/wp-content\/uploads\/2025\/10\/IMG_0614-1152x1536.jpg 1152w, https:\/\/duventdanslesmots.org\/wp-content\/uploads\/2025\/10\/IMG_0614-1536x2048.jpg 1536w, https:\/\/duventdanslesmots.org\/wp-content\/uploads\/2025\/10\/IMG_0614-1200x1600.jpg 1200w, https:\/\/duventdanslesmots.org\/wp-content\/uploads\/2025\/10\/IMG_0614-1320x1760.jpg 1320w, https:\/\/duventdanslesmots.org\/wp-content\/uploads\/2025\/10\/IMG_0614-scaled.jpg 1920w\" sizes=\"(max-width: 768px) 85vw, 768px\" \/><\/figure>\n<\/figure>\n\n\n\n<h5 class=\"wp-block-heading\">et des intervenant\u00b7es artistiques avec qui on aime travailler souvent :<\/h5>\n\n\n\n<p>Gilles Anquez, musicien, intervenant musique<br>Liza Callaert, musicienne<br>Matthias Cr\u00e9pel, photographe<br>Or\u00e9li Paskal et Emmanuelle Duguet, plasticiennes<br>Sabine Anciant, chor\u00e9graphe et danseuse<\/p>\n\n\n\n<p><strong>\u00c0 la cr\u00e9ation de l&rsquo;association et au d\u00e9veloppement des premi\u00e8res ann\u00e9es,<\/strong><br>parties joyeusement vers d&rsquo;autres aventures :<br>Fr\u00e9d\u00e9rique Lamblin, Flavie Gentil et Justine Brunin !<\/p>\n","protected":false},"excerpt":{"rendered":"<p>L&rsquo;association Du vent dans les mots est heureusement administr\u00e9e par : Marie-No\u00eblle Fraudin, co-pr\u00e9sidenteMagalie Pituch, co-pr\u00e9sidenteMatthieu Anquez, tr\u00e9sorierAnn\u00e9lie Rousseau, secr\u00e9taireNo\u00e9mie Abasq, Marl\u00e8ne Callaert et St\u00e9phanie Dudek avec l&rsquo;enthousiasme de : Margot Hureau-Haitjema, charg\u00e9e d&rsquo;administration et coordinatrice de projets &#8211; D&rsquo;un projet \u00e0 l&rsquo;autre, depuis les mus\u00e9es, hors les murs, elle garde une curiosit\u00e9 insatiable et &hellip; <a href=\"https:\/\/duventdanslesmots.org\/index.php\/lequipe\/\" class=\"more-link\">Continuer la lecture<span class=\"screen-reader-text\"> de &laquo;&nbsp;L&rsquo;\u00e9quipe&nbsp;&raquo;<\/span><\/a><\/p>\n","protected":false},"author":2,"featured_media":0,"parent":0,"menu_order":2,"comment_status":"closed","ping_status":"closed","template":"","meta":[],"_links":{"self":[{"href":"https:\/\/duventdanslesmots.org\/index.php\/wp-json\/wp\/v2\/pages\/127"}],"collection":[{"href":"https:\/\/duventdanslesmots.org\/index.php\/wp-json\/wp\/v2\/pages"}],"about":[{"href":"https:\/\/duventdanslesmots.org\/index.php\/wp-json\/wp\/v2\/types\/page"}],"author":[{"embeddable":true,"href":"https:\/\/duventdanslesmots.org\/index.php\/wp-json\/wp\/v2\/users\/2"}],"replies":[{"embeddable":true,"href":"https:\/\/duventdanslesmots.org\/index.php\/wp-json\/wp\/v2\/comments?post=127"}],"version-history":[{"count":33,"href":"https:\/\/duventdanslesmots.org\/index.php\/wp-json\/wp\/v2\/pages\/127\/revisions"}],"predecessor-version":[{"id":2818,"href":"https:\/\/duventdanslesmots.org\/index.php\/wp-json\/wp\/v2\/pages\/127\/revisions\/2818"}],"wp:attachment":[{"href":"https:\/\/duventdanslesmots.org\/index.php\/wp-json\/wp\/v2\/media?parent=127"}],"curies":[{"name":"wp","href":"https:\/\/api.w.org\/{rel}","templated":true}]}}