{"id":134,"date":"2018-10-17T21:17:54","date_gmt":"2018-10-17T19:17:54","guid":{"rendered":"http:\/\/duventdanslesmots.org\/?page_id=134"},"modified":"2024-06-18T10:57:21","modified_gmt":"2024-06-18T08:57:21","slug":"le-87","status":"publish","type":"page","link":"https:\/\/duventdanslesmots.org\/index.php\/le-87\/","title":{"rendered":"Le lieu"},"content":{"rendered":"<p><img decoding=\"async\" loading=\"lazy\" class=\"alignnone size-large wp-image-766\" src=\"http:\/\/duventdanslesmots.org\/wp-content\/uploads\/2020\/04\/Du-87-au-84-b-1024x493.png\" alt=\"\" width=\"840\" height=\"404\" srcset=\"https:\/\/duventdanslesmots.org\/wp-content\/uploads\/2020\/04\/Du-87-au-84-b-1024x493.png 1024w, https:\/\/duventdanslesmots.org\/wp-content\/uploads\/2020\/04\/Du-87-au-84-b-300x144.png 300w, https:\/\/duventdanslesmots.org\/wp-content\/uploads\/2020\/04\/Du-87-au-84-b-768x370.png 768w, https:\/\/duventdanslesmots.org\/wp-content\/uploads\/2020\/04\/Du-87-au-84-b-1536x739.png 1536w, https:\/\/duventdanslesmots.org\/wp-content\/uploads\/2020\/04\/Du-87-au-84-b-1200x578.png 1200w, https:\/\/duventdanslesmots.org\/wp-content\/uploads\/2020\/04\/Du-87-au-84-b-1320x635.png 1320w, https:\/\/duventdanslesmots.org\/wp-content\/uploads\/2020\/04\/Du-87-au-84-b.png 1793w\" sizes=\"(max-width: 709px) 85vw, (max-width: 909px) 67vw, (max-width: 1362px) 62vw, 840px\" \/><\/p>\n<h5><strong>Du 87 rue du Four \u00e0 Chaux au 84 rue du Faubourg des Postes<br \/>\n<\/strong><\/h5>\n<p>Du vent dans les mots partage un espace de travail bouillonnant avec le collectif d&rsquo;artistes <a href=\"http:\/\/www.laboratoiredhumanite.org\/\" target=\"_blank\" rel=\"noopener\">Laboratoire d&rsquo;Humanit\u00e9<\/a>, le collectif <a href=\"https:\/\/www.facebook.com\/people\/La-feuille\/100066893520860\/\" target=\"_blank\" rel=\"noopener\">La Feuille<\/a>, la Compagnie <a href=\"https:\/\/www.revages.fr\/\" target=\"_blank\" rel=\"noopener\">R\u00eavages<\/a>, <a href=\"https:\/\/www.facebook.com\/orelipaskal\/\" target=\"_blank\" rel=\"noopener\">Or\u00e9li Paskal<\/a> et Gilles Anquez, \u00e0 Lille-Sud, toujours !<\/p>\n<p>Le si\u00e8ge social de l&rsquo;association et l&rsquo;adresse de correspondance restent au :<br \/>\n87, rue du Four \u00e0 Chaux<br \/>\n59000 Lille<\/p>\n","protected":false},"excerpt":{"rendered":"<p>Du 87 rue du Four \u00e0 Chaux au 84 rue du Faubourg des Postes Du vent dans les mots partage un espace de travail bouillonnant avec le collectif d&rsquo;artistes Laboratoire d&rsquo;Humanit\u00e9, le collectif La Feuille, la Compagnie R\u00eavages, Or\u00e9li Paskal et Gilles Anquez, \u00e0 Lille-Sud, toujours ! Le si\u00e8ge social de l&rsquo;association et l&rsquo;adresse de &hellip; <a href=\"https:\/\/duventdanslesmots.org\/index.php\/le-87\/\" class=\"more-link\">Continuer la lecture<span class=\"screen-reader-text\"> de &laquo;&nbsp;Le lieu&nbsp;&raquo;<\/span><\/a><\/p>\n","protected":false},"author":2,"featured_media":0,"parent":0,"menu_order":0,"comment_status":"closed","ping_status":"closed","template":"","meta":[],"_links":{"self":[{"href":"https:\/\/duventdanslesmots.org\/index.php\/wp-json\/wp\/v2\/pages\/134"}],"collection":[{"href":"https:\/\/duventdanslesmots.org\/index.php\/wp-json\/wp\/v2\/pages"}],"about":[{"href":"https:\/\/duventdanslesmots.org\/index.php\/wp-json\/wp\/v2\/types\/page"}],"author":[{"embeddable":true,"href":"https:\/\/duventdanslesmots.org\/index.php\/wp-json\/wp\/v2\/users\/2"}],"replies":[{"embeddable":true,"href":"https:\/\/duventdanslesmots.org\/index.php\/wp-json\/wp\/v2\/comments?post=134"}],"version-history":[{"count":7,"href":"https:\/\/duventdanslesmots.org\/index.php\/wp-json\/wp\/v2\/pages\/134\/revisions"}],"predecessor-version":[{"id":2634,"href":"https:\/\/duventdanslesmots.org\/index.php\/wp-json\/wp\/v2\/pages\/134\/revisions\/2634"}],"wp:attachment":[{"href":"https:\/\/duventdanslesmots.org\/index.php\/wp-json\/wp\/v2\/media?parent=134"}],"curies":[{"name":"wp","href":"https:\/\/api.w.org\/{rel}","templated":true}]}}